2 = -b. Let m(f) = -f - 1. Let o be m(-4). Suppose 0*x + 4*x + o*z - 76 = 0, v*x + z = 52. What are the prime factors of x?
2
Let h = 54 + -82. Let g = 11 - h. List the prime factors of g.
3, 13
Let a be -74*(2 + -6 + 3). Let s = a - 10. What are the prime factors of s?
2
Let a be -3 + (1 - (1 + -2)). Let c(u) = -5*u - 4 - 8 + 2*u + 10 + 35*u**2. List the prime factors of c(a).
2, 3
Let w = -27 + 231. What are the prime factors of w?
2, 3, 17
Suppose -17 = -4*b + 75. Suppose -3*k + b = k - f, 0 = -5*k + f + 28. Suppose k*a = 25, -3*a + 19 = -4*y + 56. List the prime factors of y.
13
Suppose 0 = 2*w + 8, -3*n + 3*w + 27 = 2*n. List the prime factors of (5 - 44)*1*(-5)/n.
5, 13
Suppose -4*b - 4 = -3*u - u, 4*u - 3*b - 7 = 0. Let c be ((-1)/(-2))/(u/640). Suppose -c = -2*q - 4*s, -2*s - 170 = 2*q - 6*q. List the prime factors of q.
2, 3, 7
Suppose -2*v + 3*r = -133, 2*r + 11 = 1. What are the prime factors of -3 + (-14)/(-4) + v/2?
2, 3, 5
Let l be (28/(-10) - -2)*(9 - 29). List the prime factors of (-9)/(-2)*(l - -4).
2, 3, 5
Let n(m) = 16 - 8 + 5*m - 9 + 27*m**2. What are the prime factors of n(2)?
3, 13
Let x(z) = 74*z + 490. What are the prime factors of x(12)?
2, 13, 53
Suppose 0 = 16*t + 22*t - 37354. What are the prime factors of t?
983
Suppose 0 = -3*i - 3*m + 369, 3*i - 8*i + 633 = -4*m. Suppose i = 4*q + q. List the prime factors of q.
5
Suppose o - 4*o = -4*u + 9, -20 = -5*u - 5*o. Suppose u*r + 147 = -42. Let c = -40 - r. List the prime factors of c.
23
Let u(m) = 6*m**2 - 14*m - 4. What are the prime factors of u(-7)?
2, 97
Suppose -3*s - 4*k = 2*s - 651, 0 = 3*s + 4*k - 389. What are the prime factors of s?
131
Let m(u) = 22*u**3 + 4*u**2 + 9*u - 9. List the prime factors of m(5).
2, 3, 13, 37
Suppose 0 = -4*g - 13 + 5. Let m(u) = -15*u - 2. Let q be m(g). Suppose -2*h = 5*d - 4*h - 14, -q = -4*d - 4*h. List the prime factors of d.
2
Suppose 255 = 3*l - 90. Suppose 4*v + v - l = 0. Let t = -15 + v. What are the prime factors of t?
2
Let n be (0 - -1)/((-3)/1197*3). Let b = 6 - n. What are the prime factors of b?
139
Let p(j) = 14*j**2 + 7*j - 2. Suppose 2 = 2*t - t. List the prime factors of p(t).
2, 17
Suppose -3*q + 4*c = -12826, -4*q + 4776 + 12292 = 3*c. List the prime factors of q.
2, 5, 7, 61
Suppose 4*u - 11 = 13. List the prime factors of u + 1 - -5*9/(-15).
2
Let l(p) be the third derivative of 14*p**2 + 0*p + 2/3*p**3 + 0 + 1/12*p**4. What are the prime factors of l(11)?
2, 13
Let k = 3914 - 2263. List the prime factors of k.
13, 127
Let j(x) = -x**2 - 23*x - 27. Let i be j(-19). Suppose -5*f = -3*d + 220 + i, -f = -5*d + 419. List the prime factors of d.
83
Let g(r) = -r**3 - 15*r**2 - 18*r - 10. What are the prime factors of g(-17)?
2, 19, 23
Suppose -u - 4*b + 77 = -b, -3*b = -3. Suppose 6*z = 2*z + 24. Suppose -2*p + u = -z. List the prime factors of p.
2, 5
Suppose 0 = -6*a - 20 + 62. Suppose 2*l + 4*p - 2*p = 174, 4*l - 366 = 2*p. Suppose l = -x + a*x. What are the prime factors of x?
3, 5
Let w(q) be the third derivative of 1/5*q**5 + 0 + 0*q - 4*q**2 - 5/6*q**3 - 1/120*q**6 + 1/6*q**4. List the prime factors of w(12).
43
Let a(l) = 2*l**2 + 7*l - 64. List the prime factors of a(-20).
2, 149
Let p = -498 + 703. List the prime factors of p.
5, 41
Let h = 343 + 8. Suppose 4*j - 6*j = -3*q + h, q = -4*j + 131. Suppose 5*a = q + 56. List the prime factors of a.
5, 7
Suppose 3*z + 3*v = 279, -2*v - 90 - 116 = -2*z. Suppose 8 + 28 = 6*n. What are the prime factors of (n/(-21))/((-2)/z)?
2, 7
Let l(i) = 2*i**2 - i + 3. Let t be l(2). Suppose -w + 15 + 8 = 4*a, -t = 3*a. What are the prime factors of w?
5, 7
List the prime factors of 1930 + -2 - (-88)/(-22).
2, 13, 37
Let w(z) = 5 - 6*z + 3*z + z + 3. Let n be w(-5). Suppose -4*a = 3*o - 230 - n, -124 = -2*a - 4*o. What are the prime factors of a?
2, 31
Let k(i) = i**3 - 4*i**2 + 30*i - 121. What are the prime factors of k(11)?
2, 3, 11
Let o be -1*(-3 + 2) + 4. Let k(d) = -o - d**2 + 3*d - 3*d - 2 - 7*d. List the prime factors of k(-5).
3
Let i = 83 + 191. What are the prime factors of i?
2, 137
Let r(n) = 87*n**2 - 129*n - 12. List the prime factors of r(5).
2, 3, 11, 23
Suppose 1581 = -17*s + 20*s. What are the prime factors of s?
17, 31
Let r(l) = 2*l**3 - 12*l**2 + l - 11. Let h be r(6). What are the prime factors of (-2 - 334/10)/(h/25)?
3, 59
Suppose -32*c + 3140 = 4*g - 34*c, g - 782 = 2*c. What are the prime factors of g?
2, 3, 131
Let x = -741 + 1095. What are the prime factors of x?
2, 3, 59
Let m(j) = j + 14. Let d(z) = -4*z + 4. Let u be d(4). List the prime factors of m(u).
2
Let g be 23/4 - (-1)/4. List the prime factors of ((-32)/g)/((-8)/12).
2
Suppose 214*u - 216*u = -168. What are the prime factors of u?
2, 3, 7
Suppose 1279 = m - 2*g, 0 = -23*m + 21*m - 2*g + 2564. What are the prime factors of m?
3, 7, 61
Suppose -48 = 2*y - 42, -4629 = -3*n - 2*y. What are the prime factors of n?
3, 5, 103
Let k(f) = 65*f + 3. Let x be k(-3). List the prime factors of (x/(-56))/(2/7).
2, 3
Suppose 0 = -73*s + 58*s + 12210. What are the prime factors of s?
2, 11, 37
Suppose 0 = -437*o + 442*o - 13255. What are the prime factors of o?
11, 241
List the prime factors of 2056/(-7)*(83 + -97).
2, 257
Let o(d) = -12*d**3 + 11*d**2 + 7. Let h be o(4). What are the prime factors of (-5)/(25/h) - (-4)/1?
11
Let i be (-2 + 1)/((-7)/(-63)). Let s = 9 + i. Suppose -2*o = -5*a - s*o + 76, -5*o = -2*a + 43. List the prime factors of a.
2, 7
Suppose 0 = 6*l - 4*l + 6. Let f be 4*(1 + 1) + l. Suppose -w = -f*m + 199, 2*m - 53 = 4*w + 23. List the prime factors of m.
2, 5
Let h be 1*(-63)/6*(3 + -7). Suppose 9 = k - 2*k. What are the prime factors of (-2 - h/k)*3?
2
Suppose -2*q = 0, 4 - 19 = f + q. Let o(g) = g**3 + 15*g**2 - 3*g - 3. What are the prime factors of o(f)?
2, 3, 7
What are the prime factors of 48/4 - (13 - 2835)?
2, 13, 109
Suppose -m + 294 = -4*s, -2*s + 899 = 3*m + 3*s. List the prime factors of m.
2, 149
Let o(u) = u**3 - 2*u**2 + 2*u. Let s be o(1). What are the prime factors of s + 3/(3/37)?
2, 19
Suppose -8*h + 10941 = 13*h. What are the prime factors of h?
521
Suppose 3*j = 2*h + 35, -h - h - j - 55 = 0. List the prime factors of 6*((-540)/h - (-2)/5).
2, 3, 11
Let q(o) = 510*o + 1. List the prime factors of q(1).
7, 73
Suppose -2*v - 158*i + 2888 = -155*i, 2*i + 5808 = 4*v. List the prime factors of v.
2, 5, 29
Suppose -3*d = 5*w - 300, 2*d + 335 = 5*w - 2*d. Let c = w - 27. What are the prime factors of c?
2, 3
Suppose -11*n + 126984 = 55*n. What are the prime factors of n?
2, 13, 37
Let r(h) = 3*h**3 + 5*h**2 + h - 1. Let c be r(-2). What are the prime factors of c/(-14)*(2 - -300)?
151
What are the prime factors of (-3)/(-12) + -1 + 611928/288?
2, 3, 59
Suppose -130 = 4*s - 1866. What are the prime factors of s?
2, 7, 31
Let k = 708 + 205. What are the prime factors of k/11 + 1 + 0?
2, 3, 7
Let h be (16/(-20))/(2/(-530)). Let o = -110 + h. Suppose 5*s - o = -s. List the prime factors of s.
17
Let l = -11 + 11. Suppose 7*n - 5*n = l. Suppose 3*k + n*k + 5*t = 84, k - 2*t = 39. What are the prime factors of k?
3, 11
Suppose -17 = t - 4*d - 0, 4 = 4*t + 2*d. Let p(s) = 4*s**3 + s**2 - 1. Let i be p(t). Let k(m) = m**3 + 5*m**2 - m + 4. What are the prime factors of k(i)?
2, 3
Let p(c) be the third derivative of c**5/60 - c**4/4 - 4*c**3/3 - 12*c**2. List the prime factors of p(10).
2
Let v be 2/(-3) + (-2380)/(-6). Suppose -2*c = 2*c - v. Let d = c + -67. What are the prime factors of d?
2
Let q be ((-10)/(-3) - 4)*-15. Suppose -p + 5*s + 76 = 0, q*p - 5*p - 4*s - 401 = 0. What are the prime factors of p?
3
Suppose -8*l + 9*l = 27. What are the prime factors of l?
3
Suppose 88 + 52 = 5*f. Let a(i) = -i**2 - 13*i - 16. Let d be a(-13). What are the prime factors of f/(-4*4/d)?
2, 7
Suppose 0 = -p + 50 - 6. Suppose -p*x + 40*x = -84. List the prime factors of x.
3, 7
Let p = -15 - 20. Let l be (30/p)/(2/14). List the prime factors of l*(3 - (-57)/(-6)).
3, 13
Let d = -3140 + 4678. List the prime factors of d.
2, 769
Suppose -35 = -j + 3*q, 3*q = -0*q - 6. Suppose -5 = 4*k - j. Let p(u) = u**2 - 10. What are the prime factors of p(k)?
2, 13
Suppose -3*p - 1480 = -8*p. Suppose -3*l + 142 = -p. What are the prime factors of l?
2, 73
Let d = 1156 + -547. List the p